13
Suppose 0 = 5*z - 4*d - 145, -34 = -2*z + 3*d + 17. Let s = 51 - z. List the prime factors of s.
2, 3
Suppose 5*c = y - 22, -6*c + 2*c - 14 = y. List the prime factors of 21 + y/2 + -4.
2, 3
Suppose 5*r - 800 = -3*r. What are the prime factors of r?
2, 5
What are the prime factors of -1 + 4 - (-7 - 18)?
2, 7
Let l = 12 + -3. List the prime factors of l*(5/3)/5.
3
Let u(l) = -l**2 - 9*l + 5. Suppose -11*v = -10*v + 9. What are the prime factors of u(v)?
5
Let p = -78 - -111. List the prime factors of p.
3, 11
Suppose 5*y + y - 1734 = 0. List the prime factors of y.
17
Let s(w) = -w**3 + 8*w**2 - 6*w - 4. Let x be s(7). Suppose 2*d = -b + x*b - 28, -4*b - 4*d + 72 = 0. What are the prime factors of b?
2
Let a = 25 - 26. What are the prime factors of (1 - a)/(-1) - -9?
7
Let w(v) = -v**3 + 6*v**2 - 5*v + 3. Let q be ((-6)/(-1))/(4 - 3). Let c = q - 1. What are the prime factors of w(c)?
3
Suppose 0 = 4*n - 4 + 60. Suppose a + 4 = -a + 3*q, -3*q + 12 = -3*a. Let j = a - n. List the prime factors of j.
2, 3
Let x(c) = 2*c - 12. Let z be x(8). Suppose 14 = 3*t - 5*q - 7, -z*t - 4 = 4*q. List the prime factors of t.
2
Let v(r) = -7*r + 5. Let q(p) = 21*p - 14. Let n(d) = 4*q(d) + 11*v(d). Let s be n(3). Let g = s + -5. List the prime factors of g.
3, 5
Let n = -161 + 233. Suppose 4*y - n = -s, y = -0*y - s + 18. List the prime factors of y.
2, 3
Suppose 5*m - 2*h = -39, 3*m + 8 = 3*h - 19. Suppose 2*y = -5*i + 9, 0 = 4*y + 3*i - 13 - 26. Let u = y + m. List the prime factors of u.
5
Suppose 0 = -i - 3*h, 0*h - 2*h = -5*i + 34. List the prime factors of 735/39 + i/39.
19
List the prime factors of (-308)/(-12) - (-4)/(-6).
5
List the prime factors of -1 - (-46 - (-2 + 4)).
47
Suppose -3*g - 2*j = -16, -j - 14 + 36 = 5*g. Suppose -31 = -5*r + 4*m, -3*r - g*m + 1 = 8. What are the prime factors of r?
3
Let k(s) = -s + 2 - s - 5. Let l be 1 + (3 - (-1 - -10)). List the prime factors of k(l).
7
Let h(m) = 24*m - 37. What are the prime factors of h(20)?
443
Let x be (2 + 0)*(-2)/(-2). Let b = 11 - x. What are the prime factors of b?
3
Suppose -14*v = -15*v - 8. Let q = 23 + v. What are the prime factors of q?
3, 5
Let d(n) = -17*n + 3. Let v = -21 + 19. List the prime factors of d(v).
37
Let b(k) = -4*k**2 + 3*k + 2 + 3*k**2 + 3*k**2. Let r(o) = -o - 8. Let n be r(-6). What are the prime factors of b(n)?
2
Let l(x) = -x**2 + 15*x - 18. Let o(k) = -k**2 + 12*k - 19. Let t be o(9). What are the prime factors of l(t)?
2, 19
Let y = 26 + -14. Suppose -3*o = 5*t - y, 0*o + 2*o + 4*t - 8 = 0. Suppose x + i = 1 + o, 0 = -3*x - 5*i + 19. What are the prime factors of x?
3
Let j(s) = -3*s - 1. Let y be j(-2). Let n be y + 0 + 2 + 0. Let z = n - 1. What are the prime factors of z?
2, 3
Let r = 35 + 1. List the prime factors of r.
2, 3
Let s = -13 - -7. Let t be ((-129)/s)/((-2)/(-4)). What are the prime factors of t/3 + 5/(-15)?
2, 7
Suppose 20 + 79 = 3*v. List the prime factors of v.
3, 11
Suppose -9*l = -4*l - 10. List the prime factors of (-42)/l*24/(-14).
2, 3
Let q(g) = -g**2 + 4. Let l be q(-3). Let o = l + -1. Let a = o + 16. List the prime factors of a.
2, 5
Let u(y) = -y**3 - 6*y**2 - 6*y. Let a be u(-6). Suppose -5*m - 3*v = -a, 5*m + 2*v = -0*v + 34. List the prime factors of m.
2, 3
Let t(i) = -i**3 - 7*i**2 - 7*i - 3. Let g be t(-6). Suppose 3*k - 46 = -k + g*f, k - 21 = -4*f. List the prime factors of k.
13
Suppose 3*f + 41 = 4*w + 261, -2*f - w = -165. What are the prime factors of f?
2, 5
Let k(u) = -u - 11. Let r be k(-11). List the prime factors of ((5 + r)*1)/1.
5
List the prime factors of ((-3487)/(-22))/((10/4)/5).
317
Let k(l) = l**3 + 3*l**2 - l - 1. Let r be 4/5*15/(-6). What are the prime factors of k(r)?
5
Let j(a) = 11*a**3 - 2*a**2 + 1. Let o be j(1). Let n = 8 + o. List the prime factors of n.
2, 3
Let a = 3 - -6. Suppose 0 = 4*b + b + 15. Let u = b + a. What are the prime factors of u?
2, 3
Suppose -3*d - 3*n = 15, -2*d + 0 - 7 = -n. Suppose 23 = 4*z - 45. Let c = z + d. List the prime factors of c.
13
Suppose 3*n = -1 + 7. Suppose -n*f + 6 = -2. List the prime factors of f.
2
Let i(h) = -h**3 + 10*h**2 + 12*h - 8. Let d be i(11). Suppose -4*b = -4*g + 92, -b + 60 + 25 = d*g. What are the prime factors of g?
3
Suppose -5*q + q + 92 = 0. What are the prime factors of q?
23
Let w(u) = 4*u + 3. What are the prime factors of w(11)?
47
Suppose -p + 5 - 6 = 0. Let l(r) = -12*r**3 + 2*r**2 - 1. List the prime factors of l(p).
13
Let v(n) = n**2 - 5*n + 35. What are the prime factors of v(0)?
5, 7
Suppose y - 2*q - 32 - 10 = 0, 3*y - 3*q - 132 = 0. What are the prime factors of y?
2, 23
Suppose 27*l - 22*l - 1350 = 0. List the prime factors of l.
2, 3, 5
Let w = -11 + 293. What are the prime factors of w?
2, 3, 47
Let s(z) = -9*z - 6. List the prime factors of s(-3).
3, 7
Suppose 2*t + 3*t + 2*d - 320 = 0, t - d = 71. Suppose 0 = -3*g - a + t, -4*g + 72 = 4*a - 8*a. List the prime factors of g.
3, 7
Let l(z) = z - 9. Let o be l(5). Let n = o - -7. List the prime factors of n.
3
Suppose -4*r + 2*r = -4. Suppose 0 = 3*s - 3*c - 18, -2*c = -r*s - 3*c. List the prime factors of s.
2
Let q = 3 - -3. What are the prime factors of (-3 - (2 - 6)) + q?
7
Let r(o) = o**3 + 14*o**2 + 13*o + 3. List the prime factors of r(-13).
3
Suppose 0 = -3*j + 9 - 0. Suppose j*u = 2*f - 0*f - 21, 3*f + u = 15. What are the prime factors of (f/(-4))/((-4)/8)?
3
Suppose 0 = -3*d + 5*z + 43, -d + 15 = 4*d + 3*z. Let o(r) = d*r**2 + 11 - 7*r - 4*r**2 - 3*r**2. What are the prime factors of o(-8)?
3
Suppose f + 15 = -1. Let u be 1/(-1)*(f - 1). Let o = u + -8. What are the prime factors of o?
3
Suppose 0 = -3*q + q - 3*i - 7, -4*q = 4*i + 24. List the prime factors of 423/33 + (-2)/q.
13
Suppose -2*v = -0*v - 58. Suppose 0 = -5*f - 2*l + 40, f - v = -3*f - l. Let s = 11 - f. What are the prime factors of s?
5
Let f(k) = -k**2 - 1 + 8*k**2 + 2*k - 4 + k**3 + 0*k**3. Let z be f(-6). Suppose z = 5*j - 31. What are the prime factors of j?
2, 5
Let l be 2 + -1 - -1 - 0. Suppose 3*o + 4*g = 22, 2*o - 2*g = -o - l. Let j(p) = 2*p**3 - p**2 - p - 1. List the prime factors of j(o).
3
Suppose -3*f = g - 218, f - 228 = -g - 16. List the prime factors of g.
11, 19
Suppose 2*v = -2*b - 3*b + 73, -v + 14 = b. Suppose 0 = -2*c + 21 + b. What are the prime factors of c?
2, 3
List the prime factors of 10/(-15)*(-78)/4.
13
Suppose -2*o + 0 = 5*a + 14, 2*a - 1 = -3*o. Suppose b = -o*b + 12. List the prime factors of b.
3
Suppose 0 = -5*z + 16 + 34. Suppose 0 = -4*p + 9 + 7. Suppose p*b = 10 + z. What are the prime factors of b?
5
List the prime factors of (-23)/(((-5)/15)/((-2)/(-6))).
23
Let u be (5/(-2))/(2/(-4)). Suppose 4*d = 5*o - 202, u*o - 132 = d + 76. List the prime factors of o.
2, 3, 7
Let b = 174 - 87. What are the prime factors of b?
3, 29
Let v be (10/(-6))/(1/(-3)). Suppose -b + 81 = 5*h + 2*b, h - 3 = -v*b. What are the prime factors of h?
2, 3
Let l = 4 - 0. Suppose -114 = h - l*h. Suppose 0 = -u + j + 12, -4*u - 4*j + h = -6*j. List the prime factors of u.
7
Suppose 3*i + 254 = 2*l, -5*l + 4*i + 549 = -86. List the prime factors of l.
127
Let v = 2 - -2. Suppose -s - s - 34 = -4*m, 3*s = v*m - 31. List the prime factors of m.
2, 5
Let q(b) = -b + 8. Let m be q(8). Suppose v + v - 8 = m. Suppose -4*o - t + 40 = -v*t, t = -4. List the prime factors of o.
7
Let t(m) = 4*m**2 + 4*m + 2. Let k(q) = q + 1. Let f be k(-3). List the prime factors of t(f).
2, 5
Suppose 0 = -5*v - 3*q - 2, -5*v + 2*q + 2*q + 26 = 0. Suppose 0 = -0*k + v*k - 10. What are the prime factors of k?
5
Let j(l) = -9*l**3 + l**2 - 1. Let a be j(-1). Let n = a - -2. List the prime factors of n.
11
Suppose 0*u + 4*u - 448 = 0. Suppose -4*t + 5*p = 3 - u, 4*t + 4*p = 136. List the prime factors of t.
31
Let x(i) = i. Let l(k) = 20*k. Let g(h) = 2*l(h) - 50*x(h). List the prime factors of g(-1).
2, 5
Let r = -13 - -18. Suppose -d - 64 = -r*d. What are the prime factors of d?
2
Let x = 4 - 8. Let d = x - 1. What are the prime factors of 1/d - 36/(-5)?
7
Suppose 591 = 3*l - 0*l. What are the prime factors of l?
197
Suppose -23 = 3*y - 35. List the prime factors of y.
2
Suppose 5*s = s - 4. What are the prime factors of 0 - ((-123)/(-3))/s?
41
Suppose 6*q + 10 = 424. List the prime factors of q.
3, 23
Let p 